{"id":505,"date":"2015-01-06T15:18:34","date_gmt":"2015-01-06T15:18:34","guid":{"rendered":"http:\/\/wordpress.p247795.webspaceconfig.de\/?page_id=505"},"modified":"2016-12-16T10:04:57","modified_gmt":"2016-12-16T09:04:57","slug":"projekte","status":"publish","type":"page","link":"https:\/\/sportsbar-management.de\/?page_id=505","title":{"rendered":"PROJEKTE"},"content":{"rendered":"<h2>IN DIESEN BEREICHEN SIND WIR AKTIV<\/h2>\n<h4>Tennis:<\/h4>\n<p style=\"padding-left: 25px;\">Wir beraten und betreuen Tennisspieler und Tennisspielerinnen aus den Top 500 der Welt. Hierbei unterst\u00fctzen wir bei der Trainings- und Turnierplanung, der finanziellen Absicherung sowie der Suche nach Sponsoren.<\/p>\n<p style=\"padding-left: 25px;\">Die Sportsbar ist Lizenzgeber der \u201eYONEX tennis base\u201c, mehr Infos hierzu unter <a href=\"http:\/\/www.yonex-tennis-base.de\">www.yonex-tennis-base.de<\/a>.<\/p>\n<p style=\"padding-left: 25px;\"><a href=\"http:\/\/www.yonex-tennis-base.de\" rel=\"attachment wp-att-668\"><img loading=\"lazy\" decoding=\"async\" class=\"alignnone wp-image-668 size-medium\" src=\"https:\/\/sportsbar-management.de\/wp-content\/uploads\/2015\/01\/Yonex-300x82.jpg\" alt=\"yonex\" width=\"300\" height=\"82\" srcset=\"https:\/\/sportsbar-management.de\/wp-content\/uploads\/2015\/01\/Yonex-300x82.jpg 300w, https:\/\/sportsbar-management.de\/wp-content\/uploads\/2015\/01\/Yonex.jpg 550w\" sizes=\"auto, (max-width: 300px) 100vw, 300px\" \/><\/a><\/p>\n<h4>Fu\u00dfball:<\/h4>\n<p style=\"padding-left: 25px;\">Wir beraten und betreuen Spieler und Vereine von der Amateurliga bis zur 1. Bundesliga. Wir helfen Sportlern bei der Suche nach geeigneten Vereinen und f\u00fchren die entsprechenden Verhandlungen bis zu deren Abschluss. Dabei regeln wir den gesamten Transfer. Die Berater von SportSeven beraten Vereine oder Mitglieder von Vereinen bei der Gestaltung von Satzungen, Vertr\u00e4gen etc.<\/p>\n<h4>Handball:<\/h4>\n<p style=\"padding-left: 25px;\">Wir beraten seit Jahren Handballvereine aus der Umgebung, erstellen Arbeitsvertr\u00e4ge und helfen bei Sanierungen und Umstrukturierungen.<\/p>\n<h4>Eishockey:<\/h4>\n<p style=\"padding-left: 25px;\">Wir beraten und vertreten einen der gr\u00f6\u00dften und bekanntesten deutschen Eishockeyvereine. Unsere Vertragsanw\u00e4lte erstellen Arbeits-, Sponsoren und Gesellschaftsvertr\u00e4ge, Satzungen und helfen bei Umstrukturierungen.<\/p>\n","protected":false},"excerpt":{"rendered":"<p>IN DIESEN BEREICHEN SIND WIR AKTIV Tennis: Wir beraten und betreuen Tennisspieler und Tennisspielerinnen aus den Top 500 der Welt. Hierbei unterst\u00fctzen wir bei der Trainings- und Turnierplanung, der finanziellen [&hellip;]<\/p>\n","protected":false},"author":1069,"featured_media":0,"parent":0,"menu_order":0,"comment_status":"open","ping_status":"closed","template":"","meta":{"footnotes":""},"class_list":["post-505","page","type-page","status-publish","hentry"],"_links":{"self":[{"href":"https:\/\/sportsbar-management.de\/index.php?rest_route=\/wp\/v2\/pages\/505","targetHints":{"allow":["GET"]}}],"collection":[{"href":"https:\/\/sportsbar-management.de\/index.php?rest_route=\/wp\/v2\/pages"}],"about":[{"href":"https:\/\/sportsbar-management.de\/index.php?rest_route=\/wp\/v2\/types\/page"}],"author":[{"embeddable":true,"href":"https:\/\/sportsbar-management.de\/index.php?rest_route=\/wp\/v2\/users\/1069"}],"replies":[{"embeddable":true,"href":"https:\/\/sportsbar-management.de\/index.php?rest_route=%2Fwp%2Fv2%2Fcomments&post=505"}],"version-history":[{"count":0,"href":"https:\/\/sportsbar-management.de\/index.php?rest_route=\/wp\/v2\/pages\/505\/revisions"}],"wp:attachment":[{"href":"https:\/\/sportsbar-management.de\/index.php?rest_route=%2Fwp%2Fv2%2Fmedia&parent=505"}],"curies":[{"name":"wp","href":"https:\/\/api.w.org\/{rel}","templated":true}]}}