{"id":685,"date":"2018-11-15T11:42:22","date_gmt":"2018-11-15T10:42:22","guid":{"rendered":"https:\/\/sportsbar-management.de\/?page_id=685"},"modified":"2018-11-16T09:22:20","modified_gmt":"2018-11-16T08:22:20","slug":"rafa-nadal-academy","status":"publish","type":"page","link":"https:\/\/sportsbar-management.de\/?page_id=685","title":{"rendered":"RAFA NADAL ACADEMY"},"content":{"rendered":"<p>&nbsp;<\/p>\n<h2>Official Agency of Rafa Nadal Academy<\/h2>\n<h4>Exclusive Tennisreisen &#8211; massgeschneidert und individuell<\/h4>\n<p><img loading=\"lazy\" decoding=\"async\" class=\"size-medium wp-image-697 alignleft\" src=\"https:\/\/sportsbar-management.de\/wp-content\/uploads\/2018\/11\/Rafa-Nadal-Sports-Centre-300x200.jpg\" alt=\"\" width=\"600\" height=\"400\" srcset=\"https:\/\/sportsbar-management.de\/wp-content\/uploads\/2018\/11\/Rafa-Nadal-Sports-Centre-300x200.jpg 300w, https:\/\/sportsbar-management.de\/wp-content\/uploads\/2018\/11\/Rafa-Nadal-Sports-Centre-768x512.jpg 768w, https:\/\/sportsbar-management.de\/wp-content\/uploads\/2018\/11\/Rafa-Nadal-Sports-Centre-1024x682.jpg 1024w, https:\/\/sportsbar-management.de\/wp-content\/uploads\/2018\/11\/Rafa-Nadal-Sports-Centre-606x404.jpg 606w, https:\/\/sportsbar-management.de\/wp-content\/uploads\/2018\/11\/Rafa-Nadal-Sports-Centre.jpg 1100w\" sizes=\"auto, (max-width: 600px) 100vw, 600px\" \/><\/p>\n<p>Sichern Sie sich jetzt Ihr exklusives Paket \u00fcber Sportsbar-Management zum attraktivsten Vorteilspreis. Trainieren Sie auf dem Niveau des mehrfachen mallorcinischen Grand-Slam-Siegers.<br \/>\nSp\u00fcren Sie den Geist des Tennis-Weltstars! Erhalten Sie bei uns exklusive Vorteilspreise.<\/p>\n<p>&nbsp;<\/p>\n<p>Als offizielle Partneragentur bieten wir Ihnen:<\/p>\n<h4><span style=\"color: #000000;\"><strong>DIE SPORTSBAR SPECIAL WEEK<\/strong> vom 24. bis 31.M\u00e4rz 2019<\/span><\/h4>\n<p><img loading=\"lazy\" decoding=\"async\" class=\"size-medium wp-image-696 alignright\" src=\"https:\/\/sportsbar-management.de\/wp-content\/uploads\/2018\/11\/Central-Court-Rafa-Nadal-Academy-by-Movistar-300x200.jpg\" alt=\"\" width=\"600\" height=\"400\" srcset=\"https:\/\/sportsbar-management.de\/wp-content\/uploads\/2018\/11\/Central-Court-Rafa-Nadal-Academy-by-Movistar-300x200.jpg 300w, https:\/\/sportsbar-management.de\/wp-content\/uploads\/2018\/11\/Central-Court-Rafa-Nadal-Academy-by-Movistar-768x512.jpg 768w, https:\/\/sportsbar-management.de\/wp-content\/uploads\/2018\/11\/Central-Court-Rafa-Nadal-Academy-by-Movistar-1024x682.jpg 1024w, https:\/\/sportsbar-management.de\/wp-content\/uploads\/2018\/11\/Central-Court-Rafa-Nadal-Academy-by-Movistar-606x404.jpg 606w, https:\/\/sportsbar-management.de\/wp-content\/uploads\/2018\/11\/Central-Court-Rafa-Nadal-Academy-by-Movistar.jpg 1100w\" sizes=\"auto, (max-width: 600px) 100vw, 600px\" \/><\/p>\n<div class=\"su-list\" style=\"margin-left:0px\">\n<ul>\n<li><i class=\"sui sui-chevron-circle-right\" style=\"color:#333\"><\/i> Zeitraum: 24.03.-31.03.2019<\/li>\n<li><i class=\"sui sui-chevron-circle-right\" style=\"color:#333\"><\/i> zus\u00e4tzlich 4 Tage Trainingsbetreuung<\/li>\n<li><i class=\"sui sui-chevron-circle-right\" style=\"color:#333\"><\/i> jeden Tag 20 Min Tennis-Seminar<\/li>\n<li><i class=\"sui sui-chevron-circle-right\" style=\"color:#333\"><\/i> Plus Sportsbar Welcome Kit<\/li>\n<\/ul>\n<\/div>\n<p>&nbsp;<\/p>\n<p>Das Plus Sportsbar Welcome Kit enth\u00e4lt: Paket f\u00fcr Bespannung, Griffband und eine \u00dcberraschung. Das Paket wird bei Zahlungseingang \/ Buchungsbest\u00e4tigung vor Urlaubsantritt versendet. Individuelle Pakete m\u00f6glich auf Anfrage<\/p>\n<p>&nbsp;<\/p>\n<h3><strong>Buchungen &amp; R\u00fcckfragen unter:<\/strong><\/h3>\n<p>Evangelos Maraslis<br \/>\nMail: nadal@sportsbar-management.de<br \/>\nTelefon: +49 (0) 211 &#8211; 86 32 24 76<\/p>\n<p>&nbsp;<\/p>\n","protected":false},"excerpt":{"rendered":"<p>&nbsp; Official Agency of Rafa Nadal Academy Exclusive Tennisreisen &#8211; massgeschneidert und individuell Sichern Sie sich jetzt Ihr exklusives Paket \u00fcber Sportsbar-Management zum attraktivsten Vorteilspreis. Trainieren Sie auf dem Niveau [&hellip;]<\/p>\n","protected":false},"author":1069,"featured_media":0,"parent":0,"menu_order":0,"comment_status":"closed","ping_status":"closed","template":"","meta":{"footnotes":""},"class_list":["post-685","page","type-page","status-publish","hentry"],"_links":{"self":[{"href":"https:\/\/sportsbar-management.de\/index.php?rest_route=\/wp\/v2\/pages\/685","targetHints":{"allow":["GET"]}}],"collection":[{"href":"https:\/\/sportsbar-management.de\/index.php?rest_route=\/wp\/v2\/pages"}],"about":[{"href":"https:\/\/sportsbar-management.de\/index.php?rest_route=\/wp\/v2\/types\/page"}],"author":[{"embeddable":true,"href":"https:\/\/sportsbar-management.de\/index.php?rest_route=\/wp\/v2\/users\/1069"}],"replies":[{"embeddable":true,"href":"https:\/\/sportsbar-management.de\/index.php?rest_route=%2Fwp%2Fv2%2Fcomments&post=685"}],"version-history":[{"count":0,"href":"https:\/\/sportsbar-management.de\/index.php?rest_route=\/wp\/v2\/pages\/685\/revisions"}],"wp:attachment":[{"href":"https:\/\/sportsbar-management.de\/index.php?rest_route=%2Fwp%2Fv2%2Fmedia&parent=685"}],"curies":[{"name":"wp","href":"https:\/\/api.w.org\/{rel}","templated":true}]}}